{"id":94,"date":"2021-05-12T06:29:22","date_gmt":"2021-05-12T04:29:22","guid":{"rendered":"https:\/\/www.spainart.com\/?post_type=exposiciones&#038;p=94"},"modified":"2026-02-20T13:13:41","modified_gmt":"2026-02-20T12:13:41","slug":"cristobal-balenciaga-a-radical-of-elegance","status":"publish","type":"exposiciones","link":"https:\/\/www.spainart.com\/en\/exposiciones\/cristobal-balenciaga-a-radical-of-elegance\/","title":{"rendered":"CRIST\u00d3BAL BALENCIAGA, A RADICAL OF ELEGANCE"},"content":{"rendered":"<p>Crist\u00f3bal Balenciaga is a key figure in the history of fashion for revolutionizing the female silhouette and the very way garments are constructed. Often described as an \u201carchitect of fashion,\u201d he elevated haute couture to an unprecedented artistic and technical level. His designs were defined by innovative volumes, pure lines, and absolute mastery of cut and construction.<br><br><\/p>\n\n\n\n<p>Great designers such as Christian Dior, Hubert de Givenchy, and Andr\u00e9 Courr\u00e8ges openly acknowledged his influence. Givenchy, in particular, regarded him as his greatest mentor and learned from him a sense of rigor and timeless elegance. Balenciaga transformed haute couture by prioritizing structure and design over excessive ornamentation.<br><br><\/p>\n\n\n\n<p>His vision laid the foundations for a more modern, functional, and conceptual approach to fashion. Although he worked primarily in haute couture, his legacy also shaped mass fashion, with many of his ideas later reinterpreted and adapted into ready-to-wear decades afterward.<br><br><\/p>\n\n\n\n<p>Today, Balenciaga remains an essential reference for understanding the evolution of contemporary fashion.<\/p>","protected":false},"featured_media":1016,"template":"","meta":[],"categories":[8],"tags":[],"class_list":["post-94","exposiciones","type-exposiciones","status-publish","has-post-thumbnail","hentry","category-upcoming-exhibition"],"yoast_head":"<!-- This site is optimized with the Yoast SEO plugin v25.9 - https:\/\/yoast.com\/wordpress\/plugins\/seo\/ -->\n<title>Exposici\u00f3n Crist\u00f3bal Balenciaga | SpainArt<\/title>\n<meta name=\"description\" content=\"Exposici\u00f3n Crist\u00f3bal Balenciaga en SpainArt sobre su elegancia radical, trayectoria y legado en la moda.\" \/>\n<meta name=\"robots\" content=\"index, follow, max-snippet:-1, max-image-preview:large, max-video-preview:-1\" \/>\n<link rel=\"canonical\" href=\"https:\/\/www.spainart.com\/en\/exposiciones\/cristobal-balenciaga-a-radical-of-elegance\/\" \/>\n<meta property=\"og:locale\" content=\"en_GB\" \/>\n<meta property=\"og:type\" content=\"article\" \/>\n<meta property=\"og:title\" content=\"Exposici\u00f3n Crist\u00f3bal Balenciaga | SpainArt\" \/>\n<meta property=\"og:description\" content=\"Exposici\u00f3n Crist\u00f3bal Balenciaga en SpainArt sobre su elegancia radical, trayectoria y legado en la moda.\" \/>\n<meta property=\"og:url\" content=\"https:\/\/www.spainart.com\/en\/exposiciones\/cristobal-balenciaga-a-radical-of-elegance\/\" \/>\n<meta property=\"og:site_name\" content=\"Spainart\" \/>\n<meta property=\"article:modified_time\" content=\"2026-02-20T12:13:41+00:00\" \/>\n<meta property=\"og:image\" content=\"https:\/\/www.spainart.com\/wp-content\/uploads\/2021\/05\/b8ae95e6-11a6-486e-bd24-d55afe735c6b.jpg\" \/>\n\t<meta property=\"og:image:width\" content=\"1600\" \/>\n\t<meta property=\"og:image:height\" content=\"1200\" \/>\n\t<meta property=\"og:image:type\" content=\"image\/jpeg\" \/>\n<meta name=\"twitter:card\" content=\"summary_large_image\" \/>\n<meta name=\"twitter:label1\" content=\"Estimated reading time\" \/>\n\t<meta name=\"twitter:data1\" content=\"1 minute\" \/>\n<script type=\"application\/ld+json\" class=\"yoast-schema-graph\">{\"@context\":\"https:\/\/schema.org\",\"@graph\":[{\"@type\":\"WebPage\",\"@id\":\"https:\/\/www.spainart.com\/exposiciones\/cristobal-balenciaga-a-radical-of-elegance\/\",\"url\":\"https:\/\/www.spainart.com\/exposiciones\/cristobal-balenciaga-a-radical-of-elegance\/\",\"name\":\"Exposici\u00f3n Crist\u00f3bal Balenciaga | SpainArt\",\"isPartOf\":{\"@id\":\"https:\/\/www.spainart.com\/#website\"},\"primaryImageOfPage\":{\"@id\":\"https:\/\/www.spainart.com\/exposiciones\/cristobal-balenciaga-a-radical-of-elegance\/#primaryimage\"},\"image\":{\"@id\":\"https:\/\/www.spainart.com\/exposiciones\/cristobal-balenciaga-a-radical-of-elegance\/#primaryimage\"},\"thumbnailUrl\":\"https:\/\/www.spainart.com\/wp-content\/uploads\/2021\/05\/b8ae95e6-11a6-486e-bd24-d55afe735c6b.jpg\",\"datePublished\":\"2021-05-12T04:29:22+00:00\",\"dateModified\":\"2026-02-20T12:13:41+00:00\",\"description\":\"Exposici\u00f3n Crist\u00f3bal Balenciaga en SpainArt sobre su elegancia radical, trayectoria y legado en la moda.\",\"breadcrumb\":{\"@id\":\"https:\/\/www.spainart.com\/exposiciones\/cristobal-balenciaga-a-radical-of-elegance\/#breadcrumb\"},\"inLanguage\":\"en-GB\",\"potentialAction\":[{\"@type\":\"ReadAction\",\"target\":[\"https:\/\/www.spainart.com\/exposiciones\/cristobal-balenciaga-a-radical-of-elegance\/\"]}]},{\"@type\":\"ImageObject\",\"inLanguage\":\"en-GB\",\"@id\":\"https:\/\/www.spainart.com\/exposiciones\/cristobal-balenciaga-a-radical-of-elegance\/#primaryimage\",\"url\":\"https:\/\/www.spainart.com\/wp-content\/uploads\/2021\/05\/b8ae95e6-11a6-486e-bd24-d55afe735c6b.jpg\",\"contentUrl\":\"https:\/\/www.spainart.com\/wp-content\/uploads\/2021\/05\/b8ae95e6-11a6-486e-bd24-d55afe735c6b.jpg\",\"width\":1600,\"height\":1200},{\"@type\":\"BreadcrumbList\",\"@id\":\"https:\/\/www.spainart.com\/exposiciones\/cristobal-balenciaga-a-radical-of-elegance\/#breadcrumb\",\"itemListElement\":[{\"@type\":\"ListItem\",\"position\":1,\"name\":\"Home\",\"item\":\"https:\/\/www.spainart.com\/\"},{\"@type\":\"ListItem\",\"position\":2,\"name\":\"CRIST\u00d3BAL BALENCIAGA, UN RADICAL DE LA ELEGANCIA\"}]},{\"@type\":\"WebSite\",\"@id\":\"https:\/\/www.spainart.com\/#website\",\"url\":\"https:\/\/www.spainart.com\/\",\"name\":\"Spainart\",\"description\":\"\",\"publisher\":{\"@id\":\"https:\/\/www.spainart.com\/#organization\"},\"potentialAction\":[{\"@type\":\"SearchAction\",\"target\":{\"@type\":\"EntryPoint\",\"urlTemplate\":\"https:\/\/www.spainart.com\/?s={search_term_string}\"},\"query-input\":{\"@type\":\"PropertyValueSpecification\",\"valueRequired\":true,\"valueName\":\"search_term_string\"}}],\"inLanguage\":\"en-GB\"},{\"@type\":\"Organization\",\"@id\":\"https:\/\/www.spainart.com\/#organization\",\"name\":\"Spainart\",\"url\":\"https:\/\/www.spainart.com\/\",\"logo\":{\"@type\":\"ImageObject\",\"inLanguage\":\"en-GB\",\"@id\":\"https:\/\/www.spainart.com\/#\/schema\/logo\/image\/\",\"url\":\"https:\/\/www.spainart.com\/wp-content\/uploads\/2021\/07\/Logo-SpainArt-rojo.png\",\"contentUrl\":\"https:\/\/www.spainart.com\/wp-content\/uploads\/2021\/07\/Logo-SpainArt-rojo.png\",\"width\":224,\"height\":140,\"caption\":\"Spainart\"},\"image\":{\"@id\":\"https:\/\/www.spainart.com\/#\/schema\/logo\/image\/\"}}]}<\/script>\n<!-- \/ Yoast SEO plugin. -->","yoast_head_json":{"title":"Exposici\u00f3n Crist\u00f3bal Balenciaga | SpainArt","description":"Exposici\u00f3n Crist\u00f3bal Balenciaga en SpainArt sobre su elegancia radical, trayectoria y legado en la moda.","robots":{"index":"index","follow":"follow","max-snippet":"max-snippet:-1","max-image-preview":"max-image-preview:large","max-video-preview":"max-video-preview:-1"},"canonical":"https:\/\/www.spainart.com\/en\/exposiciones\/cristobal-balenciaga-a-radical-of-elegance\/","og_locale":"en_GB","og_type":"article","og_title":"Exposici\u00f3n Crist\u00f3bal Balenciaga | SpainArt","og_description":"Exposici\u00f3n Crist\u00f3bal Balenciaga en SpainArt sobre su elegancia radical, trayectoria y legado en la moda.","og_url":"https:\/\/www.spainart.com\/en\/exposiciones\/cristobal-balenciaga-a-radical-of-elegance\/","og_site_name":"Spainart","article_modified_time":"2026-02-20T12:13:41+00:00","og_image":[{"width":1600,"height":1200,"url":"https:\/\/www.spainart.com\/wp-content\/uploads\/2021\/05\/b8ae95e6-11a6-486e-bd24-d55afe735c6b.jpg","type":"image\/jpeg"}],"twitter_card":"summary_large_image","twitter_misc":{"Estimated reading time":"1 minute"},"schema":{"@context":"https:\/\/schema.org","@graph":[{"@type":"WebPage","@id":"https:\/\/www.spainart.com\/exposiciones\/cristobal-balenciaga-a-radical-of-elegance\/","url":"https:\/\/www.spainart.com\/exposiciones\/cristobal-balenciaga-a-radical-of-elegance\/","name":"Exposici\u00f3n Crist\u00f3bal Balenciaga | SpainArt","isPartOf":{"@id":"https:\/\/www.spainart.com\/#website"},"primaryImageOfPage":{"@id":"https:\/\/www.spainart.com\/exposiciones\/cristobal-balenciaga-a-radical-of-elegance\/#primaryimage"},"image":{"@id":"https:\/\/www.spainart.com\/exposiciones\/cristobal-balenciaga-a-radical-of-elegance\/#primaryimage"},"thumbnailUrl":"https:\/\/www.spainart.com\/wp-content\/uploads\/2021\/05\/b8ae95e6-11a6-486e-bd24-d55afe735c6b.jpg","datePublished":"2021-05-12T04:29:22+00:00","dateModified":"2026-02-20T12:13:41+00:00","description":"Exposici\u00f3n Crist\u00f3bal Balenciaga en SpainArt sobre su elegancia radical, trayectoria y legado en la moda.","breadcrumb":{"@id":"https:\/\/www.spainart.com\/exposiciones\/cristobal-balenciaga-a-radical-of-elegance\/#breadcrumb"},"inLanguage":"en-GB","potentialAction":[{"@type":"ReadAction","target":["https:\/\/www.spainart.com\/exposiciones\/cristobal-balenciaga-a-radical-of-elegance\/"]}]},{"@type":"ImageObject","inLanguage":"en-GB","@id":"https:\/\/www.spainart.com\/exposiciones\/cristobal-balenciaga-a-radical-of-elegance\/#primaryimage","url":"https:\/\/www.spainart.com\/wp-content\/uploads\/2021\/05\/b8ae95e6-11a6-486e-bd24-d55afe735c6b.jpg","contentUrl":"https:\/\/www.spainart.com\/wp-content\/uploads\/2021\/05\/b8ae95e6-11a6-486e-bd24-d55afe735c6b.jpg","width":1600,"height":1200},{"@type":"BreadcrumbList","@id":"https:\/\/www.spainart.com\/exposiciones\/cristobal-balenciaga-a-radical-of-elegance\/#breadcrumb","itemListElement":[{"@type":"ListItem","position":1,"name":"Home","item":"https:\/\/www.spainart.com\/"},{"@type":"ListItem","position":2,"name":"CRIST\u00d3BAL BALENCIAGA, UN RADICAL DE LA ELEGANCIA"}]},{"@type":"WebSite","@id":"https:\/\/www.spainart.com\/#website","url":"https:\/\/www.spainart.com\/","name":"Spainart","description":"","publisher":{"@id":"https:\/\/www.spainart.com\/#organization"},"potentialAction":[{"@type":"SearchAction","target":{"@type":"EntryPoint","urlTemplate":"https:\/\/www.spainart.com\/?s={search_term_string}"},"query-input":{"@type":"PropertyValueSpecification","valueRequired":true,"valueName":"search_term_string"}}],"inLanguage":"en-GB"},{"@type":"Organization","@id":"https:\/\/www.spainart.com\/#organization","name":"Spainart","url":"https:\/\/www.spainart.com\/","logo":{"@type":"ImageObject","inLanguage":"en-GB","@id":"https:\/\/www.spainart.com\/#\/schema\/logo\/image\/","url":"https:\/\/www.spainart.com\/wp-content\/uploads\/2021\/07\/Logo-SpainArt-rojo.png","contentUrl":"https:\/\/www.spainart.com\/wp-content\/uploads\/2021\/07\/Logo-SpainArt-rojo.png","width":224,"height":140,"caption":"Spainart"},"image":{"@id":"https:\/\/www.spainart.com\/#\/schema\/logo\/image\/"}}]}},"_links":{"self":[{"href":"https:\/\/www.spainart.com\/en\/wp-json\/wp\/v2\/exposiciones\/94","targetHints":{"allow":["GET"]}}],"collection":[{"href":"https:\/\/www.spainart.com\/en\/wp-json\/wp\/v2\/exposiciones"}],"about":[{"href":"https:\/\/www.spainart.com\/en\/wp-json\/wp\/v2\/types\/exposiciones"}],"wp:featuredmedia":[{"embeddable":true,"href":"https:\/\/www.spainart.com\/en\/wp-json\/wp\/v2\/media\/1016"}],"wp:attachment":[{"href":"https:\/\/www.spainart.com\/en\/wp-json\/wp\/v2\/media?parent=94"}],"wp:term":[{"taxonomy":"category","embeddable":true,"href":"https:\/\/www.spainart.com\/en\/wp-json\/wp\/v2\/categories?post=94"},{"taxonomy":"post_tag","embeddable":true,"href":"https:\/\/www.spainart.com\/en\/wp-json\/wp\/v2\/tags?post=94"}],"curies":[{"name":"wp","href":"https:\/\/api.w.org\/{rel}","templated":true}]}}

CRISTÓBAL BALENCIAGA, A RADICAL OF ELEGANCE

<p>Cristóbal Balenciaga is a key figure in the history of fashion for revolutionizing the female silhouette and the very way garments are constructed. Often described as an “architect of fashion,” he elevated haute couture to an unprecedented artistic and technical level. His designs were defined by innovative volumes, pure lines, and absolute mastery of cut and construction.<br><br></p>



<p>Great designers such as Christian Dior, Hubert de Givenchy, and André Courrèges openly acknowledged his influence. Givenchy, in particular, regarded him as his greatest mentor and learned from him a sense of rigor and timeless elegance. Balenciaga transformed haute couture by prioritizing structure and design over excessive ornamentation.<br><br></p>



<p>His vision laid the foundations for a more modern, functional, and conceptual approach to fashion. Although he worked primarily in haute couture, his legacy also shaped mass fashion, with many of his ideas later reinterpreted and adapted into ready-to-wear decades afterward.<br><br></p>



<p>Today, Balenciaga remains an essential reference for understanding the evolution of contemporary fashion.</p>

<!-- This site is optimized with the Yoast SEO plugin v25.9 - https://yoast.com/wordpress/plugins/seo/ -->
<title>Exposición Cristóbal Balenciaga | SpainArt</title>
<meta name="description" content="Exposición Cristóbal Balenciaga en SpainArt sobre su elegancia radical, trayectoria y legado en la moda." />
<meta name="robots" content="index, follow, max-snippet:-1, max-image-preview:large, max-video-preview:-1" />
<link rel="canonical" href="https://www.spainart.com/en/exposiciones/cristobal-balenciaga-a-radical-of-elegance/" />
<meta property="og:locale" content="en_GB" />
<meta property="og:type" content="article" />
<meta property="og:title" content="Exposición Cristóbal Balenciaga | SpainArt" />
<meta property="og:description" content="Exposición Cristóbal Balenciaga en SpainArt sobre su elegancia radical, trayectoria y legado en la moda." />
<meta property="og:url" content="https://www.spainart.com/en/exposiciones/cristobal-balenciaga-a-radical-of-elegance/" />
<meta property="og:site_name" content="Spainart" />
<meta property="article:modified_time" content="2026-02-20T12:13:41+00:00" />
<meta property="og:image" content="https://www.spainart.com/wp-content/uploads/2021/05/b8ae95e6-11a6-486e-bd24-d55afe735c6b.jpg" />
	<meta property="og:image:width" content="1600" />
	<meta property="og:image:height" content="1200" />
	<meta property="og:image:type" content="image/jpeg" />
<meta name="twitter:card" content="summary_large_image" />
<meta name="twitter:label1" content="Estimated reading time" />
	<meta name="twitter:data1" content="1 minute" />
<script type="application/ld+json" class="yoast-schema-graph">{"@context":"https://schema.org","@graph":[{"@type":"WebPage","@id":"https://www.spainart.com/exposiciones/cristobal-balenciaga-a-radical-of-elegance/","url":"https://www.spainart.com/exposiciones/cristobal-balenciaga-a-radical-of-elegance/","name":"Exposición Cristóbal Balenciaga | SpainArt","isPartOf":{"@id":"https://www.spainart.com/#website"},"primaryImageOfPage":{"@id":"https://www.spainart.com/exposiciones/cristobal-balenciaga-a-radical-of-elegance/#primaryimage"},"image":{"@id":"https://www.spainart.com/exposiciones/cristobal-balenciaga-a-radical-of-elegance/#primaryimage"},"thumbnailUrl":"https://www.spainart.com/wp-content/uploads/2021/05/b8ae95e6-11a6-486e-bd24-d55afe735c6b.jpg","datePublished":"2021-05-12T04:29:22+00:00","dateModified":"2026-02-20T12:13:41+00:00","description":"Exposición Cristóbal Balenciaga en SpainArt sobre su elegancia radical, trayectoria y legado en la moda.","breadcrumb":{"@id":"https://www.spainart.com/exposiciones/cristobal-balenciaga-a-radical-of-elegance/#breadcrumb"},"inLanguage":"en-GB","potentialAction":[{"@type":"ReadAction","target":["https://www.spainart.com/exposiciones/cristobal-balenciaga-a-radical-of-elegance/"]}]},{"@type":"ImageObject","inLanguage":"en-GB","@id":"https://www.spainart.com/exposiciones/cristobal-balenciaga-a-radical-of-elegance/#primaryimage","url":"https://www.spainart.com/wp-content/uploads/2021/05/b8ae95e6-11a6-486e-bd24-d55afe735c6b.jpg","contentUrl":"https://www.spainart.com/wp-content/uploads/2021/05/b8ae95e6-11a6-486e-bd24-d55afe735c6b.jpg","width":1600,"height":1200},{"@type":"BreadcrumbList","@id":"https://www.spainart.com/exposiciones/cristobal-balenciaga-a-radical-of-elegance/#breadcrumb","itemListElement":[{"@type":"ListItem","position":1,"name":"Home","item":"https://www.spainart.com/"},{"@type":"ListItem","position":2,"name":"CRISTÓBAL BALENCIAGA, UN RADICAL DE LA ELEGANCIA"}]},{"@type":"WebSite","@id":"https://www.spainart.com/#website","url":"https://www.spainart.com/","name":"Spainart","description":"","publisher":{"@id":"https://www.spainart.com/#organization"},"potentialAction":[{"@type":"SearchAction","target":{"@type":"EntryPoint","urlTemplate":"https://www.spainart.com/?s={search_term_string}"},"query-input":{"@type":"PropertyValueSpecification","valueRequired":true,"valueName":"search_term_string"}}],"inLanguage":"en-GB"},{"@type":"Organization","@id":"https://www.spainart.com/#organization","name":"Spainart","url":"https://www.spainart.com/","logo":{"@type":"ImageObject","inLanguage":"en-GB","@id":"https://www.spainart.com/#/schema/logo/image/","url":"https://www.spainart.com/wp-content/uploads/2021/07/Logo-SpainArt-rojo.png","contentUrl":"https://www.spainart.com/wp-content/uploads/2021/07/Logo-SpainArt-rojo.png","width":224,"height":140,"caption":"Spainart"},"image":{"@id":"https://www.spainart.com/#/schema/logo/image/"}}]}</script>
<!-- / Yoast SEO plugin. -->

Exposición Cristóbal Balenciaga | SpainArt

Exposición Cristóbal Balenciaga en SpainArt sobre su elegancia radical, trayectoria y legado en la moda.

CRISTÓBAL BALENCIAGA, UN RADICAL DE LA ELEGANCIA
