{"id":833,"date":"2018-09-15T21:30:00","date_gmt":"2018-09-15T19:30:00","guid":{"rendered":"https:\/\/www.spainart.com\/?post_type=exposiciones&#038;p=833"},"modified":"2026-02-20T11:52:14","modified_gmt":"2026-02-20T10:52:14","slug":"pablo-picasso-passion-and-guilt","status":"publish","type":"exposiciones","link":"https:\/\/www.spainart.com\/en\/exposiciones\/pablo-picasso-passion-and-guilt\/","title":{"rendered":"PABLO PICASSO, PASSION AND GUILT"},"content":{"rendered":"<p>Picasso achieved true fame during the 1930s, when the collection La Suite Vollard was conceived. His first monumental retrospective exhibition was held at the magnificent Georges Petit Gallery in Paris in 1932, where Picasso exhibited 225 paintings, seven sculptures and six illustrated books. He had just turned fifty and the poor Spanish immigrant had managed to become an international star. Despite the Great Crisis, the prices of his early paintings broke records.<\/p>\n\n\n\n<p>In this intimate graphic series for his friend, the gallery owner Ambroise Vollard we discover Picasso as a clearly timeless artist. The Vollard Suite, a cycle of one hundred graphics produced between 1930 and 1937, is divided into several sections: Miscellaneous, Study of the Sculptor, Battle of Love, Minotaur, Rembrandt, Blind Minotaur, Portraits of Ambroise Vollard.<\/p>\n\n\n\n<p>The Miscellaneous is the starting point. The motifs of models and also of young sailors, acrobats, a faun and a hydra, give way to a rather more complete series called the Sculptor\u2019s Studio. The tranquility of this part of the cycle devoted to matters of art is interrupted by the works depicting the Minotaur. The Minotaur destroys everything the sculptor has created. In four works, the blind Minotaur is guided in the night by a young girl with a dove. Where to? Artistically, probably to Guernica. Four prints are dedicated to the art icon: Rembrandt. The last three graphics depict the recipient of the cycle, Ambroise Vollard.<\/p>\n\n\n\n<p>His then lover and later the mother of his daughter Maya, Marie-Therese Walter, plays the main female role in the cycle. It is not surprising that Picasso\u2019s role is that of a Greek sculptor. He alone could be compared to Phidias as a symbol of art, technical perfection and timeless form. The story takes place on the Greek island, possibly Crete, in the sculptor\u2019s studio under a row of columns. The atmosphere is clearly sensual, naked actors, soft pillows; a still life with a bottle of wine, fruit and flowers, the view from the window is dominated by the silhouette of the mountains. The statues assume the rounded curves of a model, the fragrance of physical ecstasy flows between the transparent curtains and the crumpled sheets. Sex and works of art are clearly connected here.<\/p>\n\n\n\n<p>The Minotaur is Picasso\u2019s new image, similar to the harlequin-clown of his pink period, as one who tells the truth. The Minotaur was a person in transformation, someone who was changing. Change is the passion and guilt of the title of the exhibition.<\/p>","protected":false},"featured_media":841,"template":"","meta":[],"categories":[],"tags":[],"class_list":["post-833","exposiciones","type-exposiciones","status-publish","has-post-thumbnail","hentry"],"yoast_head":"<!-- This site is optimized with the Yoast SEO plugin v25.9 - https:\/\/yoast.com\/wordpress\/plugins\/seo\/ -->\n<title>Exposici\u00f3n Pablo Picasso: Passion and Guilt | SpainArt<\/title>\n<meta name=\"description\" content=\"Exposici\u00f3n Pablo Picasso, Passion and Guilt, centrada en La Suite Vollard y la relaci\u00f3n entre deseo, creaci\u00f3n y conflicto en su obra.\" \/>\n<meta name=\"robots\" content=\"index, follow, max-snippet:-1, max-image-preview:large, max-video-preview:-1\" \/>\n<link rel=\"canonical\" href=\"https:\/\/www.spainart.com\/en\/exposiciones\/pablo-picasso-passion-and-guilt\/\" \/>\n<meta property=\"og:locale\" content=\"en_GB\" \/>\n<meta property=\"og:type\" content=\"article\" \/>\n<meta property=\"og:title\" content=\"Exposici\u00f3n Pablo Picasso: Passion and Guilt | SpainArt\" \/>\n<meta property=\"og:description\" content=\"Exposici\u00f3n Pablo Picasso, Passion and Guilt, centrada en La Suite Vollard y la relaci\u00f3n entre deseo, creaci\u00f3n y conflicto en su obra.\" \/>\n<meta property=\"og:url\" content=\"https:\/\/www.spainart.com\/en\/exposiciones\/pablo-picasso-passion-and-guilt\/\" \/>\n<meta property=\"og:site_name\" content=\"Spainart\" \/>\n<meta property=\"article:modified_time\" content=\"2026-02-20T10:52:14+00:00\" \/>\n<meta property=\"og:image\" content=\"https:\/\/www.spainart.com\/wp-content\/uploads\/2021\/07\/IMG_2257-1-scaled.jpg\" \/>\n\t<meta property=\"og:image:width\" content=\"2560\" \/>\n\t<meta property=\"og:image:height\" content=\"1708\" \/>\n\t<meta property=\"og:image:type\" content=\"image\/jpeg\" \/>\n<meta name=\"twitter:card\" content=\"summary_large_image\" \/>\n<meta name=\"twitter:label1\" content=\"Estimated reading time\" \/>\n\t<meta name=\"twitter:data1\" content=\"3 minutes\" \/>\n<script type=\"application\/ld+json\" class=\"yoast-schema-graph\">{\"@context\":\"https:\/\/schema.org\",\"@graph\":[{\"@type\":\"WebPage\",\"@id\":\"https:\/\/www.spainart.com\/exposiciones\/pablo-picasso-passion-and-guilt\/\",\"url\":\"https:\/\/www.spainart.com\/exposiciones\/pablo-picasso-passion-and-guilt\/\",\"name\":\"Exposici\u00f3n Pablo Picasso: Passion and Guilt | SpainArt\",\"isPartOf\":{\"@id\":\"https:\/\/www.spainart.com\/#website\"},\"primaryImageOfPage\":{\"@id\":\"https:\/\/www.spainart.com\/exposiciones\/pablo-picasso-passion-and-guilt\/#primaryimage\"},\"image\":{\"@id\":\"https:\/\/www.spainart.com\/exposiciones\/pablo-picasso-passion-and-guilt\/#primaryimage\"},\"thumbnailUrl\":\"https:\/\/www.spainart.com\/wp-content\/uploads\/2021\/07\/IMG_2257-1-scaled.jpg\",\"datePublished\":\"2018-09-15T19:30:00+00:00\",\"dateModified\":\"2026-02-20T10:52:14+00:00\",\"description\":\"Exposici\u00f3n Pablo Picasso, Passion and Guilt, centrada en La Suite Vollard y la relaci\u00f3n entre deseo, creaci\u00f3n y conflicto en su obra.\",\"breadcrumb\":{\"@id\":\"https:\/\/www.spainart.com\/exposiciones\/pablo-picasso-passion-and-guilt\/#breadcrumb\"},\"inLanguage\":\"en-GB\",\"potentialAction\":[{\"@type\":\"ReadAction\",\"target\":[\"https:\/\/www.spainart.com\/exposiciones\/pablo-picasso-passion-and-guilt\/\"]}]},{\"@type\":\"ImageObject\",\"inLanguage\":\"en-GB\",\"@id\":\"https:\/\/www.spainart.com\/exposiciones\/pablo-picasso-passion-and-guilt\/#primaryimage\",\"url\":\"https:\/\/www.spainart.com\/wp-content\/uploads\/2021\/07\/IMG_2257-1-scaled.jpg\",\"contentUrl\":\"https:\/\/www.spainart.com\/wp-content\/uploads\/2021\/07\/IMG_2257-1-scaled.jpg\",\"width\":2560,\"height\":1708},{\"@type\":\"BreadcrumbList\",\"@id\":\"https:\/\/www.spainart.com\/exposiciones\/pablo-picasso-passion-and-guilt\/#breadcrumb\",\"itemListElement\":[{\"@type\":\"ListItem\",\"position\":1,\"name\":\"Home\",\"item\":\"https:\/\/www.spainart.com\/\"},{\"@type\":\"ListItem\",\"position\":2,\"name\":\"PABLO PICASSO, PASI\u00d3N Y CULPA\"}]},{\"@type\":\"WebSite\",\"@id\":\"https:\/\/www.spainart.com\/#website\",\"url\":\"https:\/\/www.spainart.com\/\",\"name\":\"Spainart\",\"description\":\"\",\"publisher\":{\"@id\":\"https:\/\/www.spainart.com\/#organization\"},\"potentialAction\":[{\"@type\":\"SearchAction\",\"target\":{\"@type\":\"EntryPoint\",\"urlTemplate\":\"https:\/\/www.spainart.com\/?s={search_term_string}\"},\"query-input\":{\"@type\":\"PropertyValueSpecification\",\"valueRequired\":true,\"valueName\":\"search_term_string\"}}],\"inLanguage\":\"en-GB\"},{\"@type\":\"Organization\",\"@id\":\"https:\/\/www.spainart.com\/#organization\",\"name\":\"Spainart\",\"url\":\"https:\/\/www.spainart.com\/\",\"logo\":{\"@type\":\"ImageObject\",\"inLanguage\":\"en-GB\",\"@id\":\"https:\/\/www.spainart.com\/#\/schema\/logo\/image\/\",\"url\":\"https:\/\/www.spainart.com\/wp-content\/uploads\/2021\/07\/Logo-SpainArt-rojo.png\",\"contentUrl\":\"https:\/\/www.spainart.com\/wp-content\/uploads\/2021\/07\/Logo-SpainArt-rojo.png\",\"width\":224,\"height\":140,\"caption\":\"Spainart\"},\"image\":{\"@id\":\"https:\/\/www.spainart.com\/#\/schema\/logo\/image\/\"}}]}<\/script>\n<!-- \/ Yoast SEO plugin. -->","yoast_head_json":{"title":"Exposici\u00f3n Pablo Picasso: Passion and Guilt | SpainArt","description":"Exposici\u00f3n Pablo Picasso, Passion and Guilt, centrada en La Suite Vollard y la relaci\u00f3n entre deseo, creaci\u00f3n y conflicto en su obra.","robots":{"index":"index","follow":"follow","max-snippet":"max-snippet:-1","max-image-preview":"max-image-preview:large","max-video-preview":"max-video-preview:-1"},"canonical":"https:\/\/www.spainart.com\/en\/exposiciones\/pablo-picasso-passion-and-guilt\/","og_locale":"en_GB","og_type":"article","og_title":"Exposici\u00f3n Pablo Picasso: Passion and Guilt | SpainArt","og_description":"Exposici\u00f3n Pablo Picasso, Passion and Guilt, centrada en La Suite Vollard y la relaci\u00f3n entre deseo, creaci\u00f3n y conflicto en su obra.","og_url":"https:\/\/www.spainart.com\/en\/exposiciones\/pablo-picasso-passion-and-guilt\/","og_site_name":"Spainart","article_modified_time":"2026-02-20T10:52:14+00:00","og_image":[{"width":2560,"height":1708,"url":"https:\/\/www.spainart.com\/wp-content\/uploads\/2021\/07\/IMG_2257-1-scaled.jpg","type":"image\/jpeg"}],"twitter_card":"summary_large_image","twitter_misc":{"Estimated reading time":"3 minutes"},"schema":{"@context":"https:\/\/schema.org","@graph":[{"@type":"WebPage","@id":"https:\/\/www.spainart.com\/exposiciones\/pablo-picasso-passion-and-guilt\/","url":"https:\/\/www.spainart.com\/exposiciones\/pablo-picasso-passion-and-guilt\/","name":"Exposici\u00f3n Pablo Picasso: Passion and Guilt | SpainArt","isPartOf":{"@id":"https:\/\/www.spainart.com\/#website"},"primaryImageOfPage":{"@id":"https:\/\/www.spainart.com\/exposiciones\/pablo-picasso-passion-and-guilt\/#primaryimage"},"image":{"@id":"https:\/\/www.spainart.com\/exposiciones\/pablo-picasso-passion-and-guilt\/#primaryimage"},"thumbnailUrl":"https:\/\/www.spainart.com\/wp-content\/uploads\/2021\/07\/IMG_2257-1-scaled.jpg","datePublished":"2018-09-15T19:30:00+00:00","dateModified":"2026-02-20T10:52:14+00:00","description":"Exposici\u00f3n Pablo Picasso, Passion and Guilt, centrada en La Suite Vollard y la relaci\u00f3n entre deseo, creaci\u00f3n y conflicto en su obra.","breadcrumb":{"@id":"https:\/\/www.spainart.com\/exposiciones\/pablo-picasso-passion-and-guilt\/#breadcrumb"},"inLanguage":"en-GB","potentialAction":[{"@type":"ReadAction","target":["https:\/\/www.spainart.com\/exposiciones\/pablo-picasso-passion-and-guilt\/"]}]},{"@type":"ImageObject","inLanguage":"en-GB","@id":"https:\/\/www.spainart.com\/exposiciones\/pablo-picasso-passion-and-guilt\/#primaryimage","url":"https:\/\/www.spainart.com\/wp-content\/uploads\/2021\/07\/IMG_2257-1-scaled.jpg","contentUrl":"https:\/\/www.spainart.com\/wp-content\/uploads\/2021\/07\/IMG_2257-1-scaled.jpg","width":2560,"height":1708},{"@type":"BreadcrumbList","@id":"https:\/\/www.spainart.com\/exposiciones\/pablo-picasso-passion-and-guilt\/#breadcrumb","itemListElement":[{"@type":"ListItem","position":1,"name":"Home","item":"https:\/\/www.spainart.com\/"},{"@type":"ListItem","position":2,"name":"PABLO PICASSO, PASI\u00d3N Y CULPA"}]},{"@type":"WebSite","@id":"https:\/\/www.spainart.com\/#website","url":"https:\/\/www.spainart.com\/","name":"Spainart","description":"","publisher":{"@id":"https:\/\/www.spainart.com\/#organization"},"potentialAction":[{"@type":"SearchAction","target":{"@type":"EntryPoint","urlTemplate":"https:\/\/www.spainart.com\/?s={search_term_string}"},"query-input":{"@type":"PropertyValueSpecification","valueRequired":true,"valueName":"search_term_string"}}],"inLanguage":"en-GB"},{"@type":"Organization","@id":"https:\/\/www.spainart.com\/#organization","name":"Spainart","url":"https:\/\/www.spainart.com\/","logo":{"@type":"ImageObject","inLanguage":"en-GB","@id":"https:\/\/www.spainart.com\/#\/schema\/logo\/image\/","url":"https:\/\/www.spainart.com\/wp-content\/uploads\/2021\/07\/Logo-SpainArt-rojo.png","contentUrl":"https:\/\/www.spainart.com\/wp-content\/uploads\/2021\/07\/Logo-SpainArt-rojo.png","width":224,"height":140,"caption":"Spainart"},"image":{"@id":"https:\/\/www.spainart.com\/#\/schema\/logo\/image\/"}}]}},"_links":{"self":[{"href":"https:\/\/www.spainart.com\/en\/wp-json\/wp\/v2\/exposiciones\/833","targetHints":{"allow":["GET"]}}],"collection":[{"href":"https:\/\/www.spainart.com\/en\/wp-json\/wp\/v2\/exposiciones"}],"about":[{"href":"https:\/\/www.spainart.com\/en\/wp-json\/wp\/v2\/types\/exposiciones"}],"wp:featuredmedia":[{"embeddable":true,"href":"https:\/\/www.spainart.com\/en\/wp-json\/wp\/v2\/media\/841"}],"wp:attachment":[{"href":"https:\/\/www.spainart.com\/en\/wp-json\/wp\/v2\/media?parent=833"}],"wp:term":[{"taxonomy":"category","embeddable":true,"href":"https:\/\/www.spainart.com\/en\/wp-json\/wp\/v2\/categories?post=833"},{"taxonomy":"post_tag","embeddable":true,"href":"https:\/\/www.spainart.com\/en\/wp-json\/wp\/v2\/tags?post=833"}],"curies":[{"name":"wp","href":"https:\/\/api.w.org\/{rel}","templated":true}]}}

<!-- This site is optimized with the Yoast SEO plugin v25.9 - https://yoast.com/wordpress/plugins/seo/ -->
<title>Exposición Pablo Picasso: Passion and Guilt | SpainArt</title>
<meta name="description" content="Exposición Pablo Picasso, Passion and Guilt, centrada en La Suite Vollard y la relación entre deseo, creación y conflicto en su obra." />
<meta name="robots" content="index, follow, max-snippet:-1, max-image-preview:large, max-video-preview:-1" />
<link rel="canonical" href="https://www.spainart.com/en/exposiciones/pablo-picasso-passion-and-guilt/" />
<meta property="og:locale" content="en_GB" />
<meta property="og:type" content="article" />
<meta property="og:title" content="Exposición Pablo Picasso: Passion and Guilt | SpainArt" />
<meta property="og:description" content="Exposición Pablo Picasso, Passion and Guilt, centrada en La Suite Vollard y la relación entre deseo, creación y conflicto en su obra." />
<meta property="og:url" content="https://www.spainart.com/en/exposiciones/pablo-picasso-passion-and-guilt/" />
<meta property="og:site_name" content="Spainart" />
<meta property="article:modified_time" content="2026-02-20T10:52:14+00:00" />
<meta property="og:image" content="https://www.spainart.com/wp-content/uploads/2021/07/IMG_2257-1-scaled.jpg" />
	<meta property="og:image:width" content="2560" />
	<meta property="og:image:height" content="1708" />
	<meta property="og:image:type" content="image/jpeg" />
<meta name="twitter:card" content="summary_large_image" />
<meta name="twitter:label1" content="Estimated reading time" />
	<meta name="twitter:data1" content="3 minutes" />
<script type="application/ld+json" class="yoast-schema-graph">{"@context":"https://schema.org","@graph":[{"@type":"WebPage","@id":"https://www.spainart.com/exposiciones/pablo-picasso-passion-and-guilt/","url":"https://www.spainart.com/exposiciones/pablo-picasso-passion-and-guilt/","name":"Exposición Pablo Picasso: Passion and Guilt | SpainArt","isPartOf":{"@id":"https://www.spainart.com/#website"},"primaryImageOfPage":{"@id":"https://www.spainart.com/exposiciones/pablo-picasso-passion-and-guilt/#primaryimage"},"image":{"@id":"https://www.spainart.com/exposiciones/pablo-picasso-passion-and-guilt/#primaryimage"},"thumbnailUrl":"https://www.spainart.com/wp-content/uploads/2021/07/IMG_2257-1-scaled.jpg","datePublished":"2018-09-15T19:30:00+00:00","dateModified":"2026-02-20T10:52:14+00:00","description":"Exposición Pablo Picasso, Passion and Guilt, centrada en La Suite Vollard y la relación entre deseo, creación y conflicto en su obra.","breadcrumb":{"@id":"https://www.spainart.com/exposiciones/pablo-picasso-passion-and-guilt/#breadcrumb"},"inLanguage":"en-GB","potentialAction":[{"@type":"ReadAction","target":["https://www.spainart.com/exposiciones/pablo-picasso-passion-and-guilt/"]}]},{"@type":"ImageObject","inLanguage":"en-GB","@id":"https://www.spainart.com/exposiciones/pablo-picasso-passion-and-guilt/#primaryimage","url":"https://www.spainart.com/wp-content/uploads/2021/07/IMG_2257-1-scaled.jpg","contentUrl":"https://www.spainart.com/wp-content/uploads/2021/07/IMG_2257-1-scaled.jpg","width":2560,"height":1708},{"@type":"BreadcrumbList","@id":"https://www.spainart.com/exposiciones/pablo-picasso-passion-and-guilt/#breadcrumb","itemListElement":[{"@type":"ListItem","position":1,"name":"Home","item":"https://www.spainart.com/"},{"@type":"ListItem","position":2,"name":"PABLO PICASSO, PASIÓN Y CULPA"}]},{"@type":"WebSite","@id":"https://www.spainart.com/#website","url":"https://www.spainart.com/","name":"Spainart","description":"","publisher":{"@id":"https://www.spainart.com/#organization"},"potentialAction":[{"@type":"SearchAction","target":{"@type":"EntryPoint","urlTemplate":"https://www.spainart.com/?s={search_term_string}"},"query-input":{"@type":"PropertyValueSpecification","valueRequired":true,"valueName":"search_term_string"}}],"inLanguage":"en-GB"},{"@type":"Organization","@id":"https://www.spainart.com/#organization","name":"Spainart","url":"https://www.spainart.com/","logo":{"@type":"ImageObject","inLanguage":"en-GB","@id":"https://www.spainart.com/#/schema/logo/image/","url":"https://www.spainart.com/wp-content/uploads/2021/07/Logo-SpainArt-rojo.png","contentUrl":"https://www.spainart.com/wp-content/uploads/2021/07/Logo-SpainArt-rojo.png","width":224,"height":140,"caption":"Spainart"},"image":{"@id":"https://www.spainart.com/#/schema/logo/image/"}}]}</script>
<!-- / Yoast SEO plugin. -->

Exposición Pablo Picasso: Passion and Guilt | SpainArt

Exposición Pablo Picasso, Passion and Guilt, centrada en La Suite Vollard y la relación entre deseo, creación y conflicto en su obra.

PABLO PICASSO, PASIÓN Y CULPA
